{"id":999,"date":"2025-07-28T17:44:28","date_gmt":"2025-07-28T17:44:28","guid":{"rendered":"https:\/\/eudelar.unlar.edu.ar\/?post_type=product&#038;p=999"},"modified":"2025-08-21T13:52:56","modified_gmt":"2025-08-21T13:52:56","slug":"a-diez-anos-de-la-erupcion-del-puyehue-cordon-caulle","status":"publish","type":"product","link":"https:\/\/eudelar.unlar.edu.ar\/index.php\/producto\/a-diez-anos-de-la-erupcion-del-puyehue-cordon-caulle\/","title":{"rendered":"A DIEZ A\u00d1OS DE LA ERUPCI\u00d3N DEL PUYEHUE-CORD\u00d3N CAULLE"},"content":{"rendered":"<p>Una tarde soleada y fr\u00eda de junio de 2011, el cielo se puso negro y comenz\u00f3 a caer arena desde el cielo en Bariloche, Villa Traful, Villa La Angostura y alrededores. El Complejo Volc\u00e1nico Puyehue-Cord\u00f3n Caulle, ubicado en Chile, hab\u00eda entrado en erupci\u00f3n y las cenizas no tardaron en llegar a la Argentina.\u00a0La sorpresa y la incertidumbre dominaron el escenario regional. Las comunidades afectadas no hab\u00edan sido advertidas, no se hab\u00edan activado protocolos de contingencia ni hab\u00eda una comunicaci\u00f3n oficial clara de c\u00f3mo actuar ante un suceso semejante.\u00a0A m\u00e1s de una d\u00e9cada del evento, este libro aborda y presenta al lector las diversas consecuencias de la relaci\u00f3n sociedad-naturaleza. El punto de partida es la reconceptualizaci\u00f3n de la noci\u00f3n de\u00a0<em>desastre natural<\/em>, que manifiesta el distanciamiento entre naturaleza y sociedad y ha hecho perder al ser humano el temor ancestral a los fen\u00f3menos geol\u00f3gicos y meteorol\u00f3gicos, para en cambio considerar las condiciones de vulnerabilidad de la regi\u00f3n Norpatag\u00f3nica.\u00a0De este modo, y con el objetivo de que el conocimiento acerca de la multiplicidad de eventos generados por la erupci\u00f3n permita mitigar sus efectos negativos, en estas investigaciones se recupera la memoria de los habitantes y se analizan las estrategias de abordaje enfocadas en las actividades econ\u00f3micas, productivas y sociales. Adem\u00e1s, se presentan pormenorizados estudios sobre el impacto de las cenizas sobre los insectos, la biota y los sistemas acu\u00e1ticos.<\/p>\n<p><em><strong>Sandra Murriello &#8211; Gonzalo Barrios Garc\u00eda<\/strong><\/em><\/p>\n","protected":false},"excerpt":{"rendered":"<p>Una tarde soleada y fr\u00eda de junio de 2011, el cielo se puso negro y comenz\u00f3 a caer arena desde el cielo en Bariloche, Villa Traful, Villa La Angostura y alrededores. El Complejo Volc\u00e1nico Puyehue-Cord\u00f3n Caulle, ubicado en Chile, hab\u00eda entrado en erupci\u00f3n y las cenizas no tardaron en llegar a la Argentina.\u00a0La sorpresa y [&hellip;]<\/p>\n","protected":false},"featured_media":826,"comment_status":"closed","ping_status":"closed","template":"","meta":[],"product_cat":[15],"product_tag":[],"class_list":["post-999","product","type-product","status-publish","has-post-thumbnail","hentry","product_cat-general"],"_links":{"self":[{"href":"https:\/\/eudelar.unlar.edu.ar\/index.php\/wp-json\/wp\/v2\/product\/999","targetHints":{"allow":["GET"]}}],"collection":[{"href":"https:\/\/eudelar.unlar.edu.ar\/index.php\/wp-json\/wp\/v2\/product"}],"about":[{"href":"https:\/\/eudelar.unlar.edu.ar\/index.php\/wp-json\/wp\/v2\/types\/product"}],"replies":[{"embeddable":true,"href":"https:\/\/eudelar.unlar.edu.ar\/index.php\/wp-json\/wp\/v2\/comments?post=999"}],"wp:featuredmedia":[{"embeddable":true,"href":"https:\/\/eudelar.unlar.edu.ar\/index.php\/wp-json\/wp\/v2\/media\/826"}],"wp:attachment":[{"href":"https:\/\/eudelar.unlar.edu.ar\/index.php\/wp-json\/wp\/v2\/media?parent=999"}],"wp:term":[{"taxonomy":"product_cat","embeddable":true,"href":"https:\/\/eudelar.unlar.edu.ar\/index.php\/wp-json\/wp\/v2\/product_cat?post=999"},{"taxonomy":"product_tag","embeddable":true,"href":"https:\/\/eudelar.unlar.edu.ar\/index.php\/wp-json\/wp\/v2\/product_tag?post=999"}],"curies":[{"name":"wp","href":"https:\/\/api.w.org\/{rel}","templated":true}]}}