{"id":992,"date":"2025-07-28T16:25:37","date_gmt":"2025-07-28T16:25:37","guid":{"rendered":"https:\/\/eudelar.unlar.edu.ar\/?post_type=product&#038;p=992"},"modified":"2025-07-28T16:40:01","modified_gmt":"2025-07-28T16:40:01","slug":"992","status":"publish","type":"product","link":"https:\/\/eudelar.unlar.edu.ar\/index.php\/producto\/992\/","title":{"rendered":"1831"},"content":{"rendered":"<p><strong>Orden, federalismo y provincias<\/strong><\/p>\n<p>La colecci\u00f3n Humanidades de la Universidad Nacional de General Sarmiento re\u00fane la producci\u00f3n relacionada con las tem\u00e1ticas de historia y filosof\u00eda, enmarcadas en las l\u00edneas de investigaci\u00f3n de la Universidad, siempre en vinculaci\u00f3n con el desarrollo de nuestra oferta acad\u00e9mica y con nuestro trabajo con la comunidad. Dentro de esa colecci\u00f3n, la serie A\u00f1os cruciales se propone abordar la historia de los momentos m\u00e1s relevantes y tumultuosos de nuestro pasado, entre 1776 y 2001.\u00a0Mar\u00eda Elena Barral ofrece en este libro su particular visi\u00f3n de 1831, un a\u00f1o marcado por ser el punto de partida para que las 14 provincias hist\u00f3ricas intentaran, a partir del Pacto Federal, darse alguna forma de organizaci\u00f3n pol\u00edtica permanente que fuera capaz de dejar atr\u00e1s los arrebatos unitarios y la inestabilidad de d\u00e9cadas anteriores. Ese pacto dio paso a una uni\u00f3n confederal que a la vez sostuvo y limit\u00f3 el poder del gobernador bonaerense Juan Manuel de Rosas hasta mediados del siglo XIX. Precisamente, la cuesti\u00f3n del liderazgo de Rosas, sus pol\u00edticas p\u00fablicas, el crecimiento del comercio atl\u00e1ntico y la naturaleza del orden federal est\u00e1n en el centro de este tomo.<\/p>\n<p><em><strong>Maria Elena Barral<\/strong><\/em><\/p>\n","protected":false},"excerpt":{"rendered":"<p>Orden, federalismo y provincias La colecci\u00f3n Humanidades de la Universidad Nacional de General Sarmiento re\u00fane la producci\u00f3n relacionada con las tem\u00e1ticas de historia y filosof\u00eda, enmarcadas en las l\u00edneas de investigaci\u00f3n de la Universidad, siempre en vinculaci\u00f3n con el desarrollo de nuestra oferta acad\u00e9mica y con nuestro trabajo con la comunidad. Dentro de esa colecci\u00f3n, [&hellip;]<\/p>\n","protected":false},"featured_media":824,"comment_status":"closed","ping_status":"closed","template":"","meta":[],"product_cat":[15],"product_tag":[],"class_list":["post-992","product","type-product","status-publish","has-post-thumbnail","hentry","product_cat-general"],"_links":{"self":[{"href":"https:\/\/eudelar.unlar.edu.ar\/index.php\/wp-json\/wp\/v2\/product\/992","targetHints":{"allow":["GET"]}}],"collection":[{"href":"https:\/\/eudelar.unlar.edu.ar\/index.php\/wp-json\/wp\/v2\/product"}],"about":[{"href":"https:\/\/eudelar.unlar.edu.ar\/index.php\/wp-json\/wp\/v2\/types\/product"}],"replies":[{"embeddable":true,"href":"https:\/\/eudelar.unlar.edu.ar\/index.php\/wp-json\/wp\/v2\/comments?post=992"}],"wp:featuredmedia":[{"embeddable":true,"href":"https:\/\/eudelar.unlar.edu.ar\/index.php\/wp-json\/wp\/v2\/media\/824"}],"wp:attachment":[{"href":"https:\/\/eudelar.unlar.edu.ar\/index.php\/wp-json\/wp\/v2\/media?parent=992"}],"wp:term":[{"taxonomy":"product_cat","embeddable":true,"href":"https:\/\/eudelar.unlar.edu.ar\/index.php\/wp-json\/wp\/v2\/product_cat?post=992"},{"taxonomy":"product_tag","embeddable":true,"href":"https:\/\/eudelar.unlar.edu.ar\/index.php\/wp-json\/wp\/v2\/product_tag?post=992"}],"curies":[{"name":"wp","href":"https:\/\/api.w.org\/{rel}","templated":true}]}}