{"id":586,"date":"2023-02-16T15:06:53","date_gmt":"2023-02-16T15:06:53","guid":{"rendered":"https:\/\/eudelar.unlar.edu.ar\/?post_type=product&#038;p=586"},"modified":"2024-05-13T12:05:38","modified_gmt":"2024-05-13T12:05:38","slug":"libro-de-actas-xxviii-congreso-argentino-de-ciencias-de-la-computacion-cacic-2022","status":"publish","type":"product","link":"https:\/\/eudelar.unlar.edu.ar\/index.php\/producto\/libro-de-actas-xxviii-congreso-argentino-de-ciencias-de-la-computacion-cacic-2022\/","title":{"rendered":"Libro de Actas : XXVIII Congreso Argentino de Ciencias de la Computaci\u00f3n &#8211; CACIC 2022"},"content":{"rendered":"<p>El XXVIII Congreso Argentino de Ciencias de la Computaci\u00f3n (CACIC) es organizado por la Red de Universidades Nacionales con carreras en Inform\u00e1tica (RedUNCI), conjuntamente con la Universidad Nacional de La Rioja, se encuentra declarado de Inter\u00e9s Departamental Resol. DACEFyN N\u00b0 59\/2022, Declarado de Inter\u00e9s Cient\u00edfico Resol. N\u00b0 018\/22 y Declarado de Inter\u00e9s Institucional Resol. N\u00b0 10\/2022. El CACIC re\u00fane desde 1995 a investigadores, docentes, profesionales y estudiantes de grado y postgrado vinculados con la disciplina Inform\u00e1tica. La propuesta apunta a concentrar las actividades t\u00e9cnicas y cient\u00edficas en el campo de la inform\u00e1tica, en un foro de an\u00e1lisis y debate a partir de una \u00f3ptica actualizada, con proyecci\u00f3n hacia su desarrollo futuro.<\/p>\n","protected":false},"excerpt":{"rendered":"<h3><strong>Descarga Directa: <\/strong><a href=\"https:\/\/eudelar.unlar.edu.ar\/wp-content\/uploads\/2023\/02\/Libro-de-Actas-XXVIII-Congreso-Argentino-de-Ciencias-de-la-Computacion-CACIC-2022.pdf\"><strong>Libro de Actas &#8211; XXVIII Congreso Argentino de Ciencias de la Computacion-CACIC 2022<\/strong><\/a><!--more--><\/h3>\n","protected":false},"featured_media":587,"comment_status":"closed","ping_status":"closed","template":"","meta":[],"product_cat":[15,30],"product_tag":[],"class_list":["post-586","product","type-product","status-publish","has-post-thumbnail","hentry","product_cat-general","product_cat-actas-de-congresos"],"_links":{"self":[{"href":"https:\/\/eudelar.unlar.edu.ar\/index.php\/wp-json\/wp\/v2\/product\/586","targetHints":{"allow":["GET"]}}],"collection":[{"href":"https:\/\/eudelar.unlar.edu.ar\/index.php\/wp-json\/wp\/v2\/product"}],"about":[{"href":"https:\/\/eudelar.unlar.edu.ar\/index.php\/wp-json\/wp\/v2\/types\/product"}],"replies":[{"embeddable":true,"href":"https:\/\/eudelar.unlar.edu.ar\/index.php\/wp-json\/wp\/v2\/comments?post=586"}],"wp:featuredmedia":[{"embeddable":true,"href":"https:\/\/eudelar.unlar.edu.ar\/index.php\/wp-json\/wp\/v2\/media\/587"}],"wp:attachment":[{"href":"https:\/\/eudelar.unlar.edu.ar\/index.php\/wp-json\/wp\/v2\/media?parent=586"}],"wp:term":[{"taxonomy":"product_cat","embeddable":true,"href":"https:\/\/eudelar.unlar.edu.ar\/index.php\/wp-json\/wp\/v2\/product_cat?post=586"},{"taxonomy":"product_tag","embeddable":true,"href":"https:\/\/eudelar.unlar.edu.ar\/index.php\/wp-json\/wp\/v2\/product_tag?post=586"}],"curies":[{"name":"wp","href":"https:\/\/api.w.org\/{rel}","templated":true}]}}