{"id":1128,"date":"2025-11-09T22:43:38","date_gmt":"2025-11-09T22:43:38","guid":{"rendered":"https:\/\/eudelar.unlar.edu.ar\/?post_type=product&#038;p=1128"},"modified":"2025-11-09T22:43:38","modified_gmt":"2025-11-09T22:43:38","slug":"el-fluir-del-pensamiento","status":"publish","type":"product","link":"https:\/\/eudelar.unlar.edu.ar\/index.php\/producto\/el-fluir-del-pensamiento\/","title":{"rendered":"EL FLUIR DEL PENSAMIENTO"},"content":{"rendered":"<p>Las telas y los papeles, la imagen en movimiento, los vol\u00famenes de madera o cemento y los m\u00e1rmoles son los soportes elegidos por Marie Orensanz para inscribir sus ideas: abiertas y creando ante el espectador un universo a descifrar. Su sensibilidad se condice con la sencillez y la significaci\u00f3n que habitan su trabajo. Es por eso que elegimos dedicarle este libro con un formato especial. Al abrirlo, por un lado, re\u00fane el ensayo curatorial de Diana Wechsler y el repertorio completo de las obras expuestas en el MUNTREF; por el otro, encontramos una selecci\u00f3n de textos y materiales del archivo de la artista, que ella misma eligi\u00f3 presentar como parte de esta publicaci\u00f3n.<\/p>\n<p><em><strong>Marie Orensanz.<\/strong><\/em><\/p>\n","protected":false},"excerpt":{"rendered":"<p>Las telas y los papeles, la imagen en movimiento, los vol\u00famenes de madera o cemento y los m\u00e1rmoles son los soportes elegidos por Marie Orensanz para inscribir sus ideas: abiertas y creando ante el espectador un universo a descifrar. Su sensibilidad se condice con la sencillez y la significaci\u00f3n que habitan su trabajo. Es por [&hellip;]<\/p>\n","protected":false},"featured_media":877,"comment_status":"closed","ping_status":"closed","template":"","meta":[],"product_cat":[15],"product_tag":[],"class_list":["post-1128","product","type-product","status-publish","has-post-thumbnail","hentry","product_cat-general"],"_links":{"self":[{"href":"https:\/\/eudelar.unlar.edu.ar\/index.php\/wp-json\/wp\/v2\/product\/1128","targetHints":{"allow":["GET"]}}],"collection":[{"href":"https:\/\/eudelar.unlar.edu.ar\/index.php\/wp-json\/wp\/v2\/product"}],"about":[{"href":"https:\/\/eudelar.unlar.edu.ar\/index.php\/wp-json\/wp\/v2\/types\/product"}],"replies":[{"embeddable":true,"href":"https:\/\/eudelar.unlar.edu.ar\/index.php\/wp-json\/wp\/v2\/comments?post=1128"}],"wp:featuredmedia":[{"embeddable":true,"href":"https:\/\/eudelar.unlar.edu.ar\/index.php\/wp-json\/wp\/v2\/media\/877"}],"wp:attachment":[{"href":"https:\/\/eudelar.unlar.edu.ar\/index.php\/wp-json\/wp\/v2\/media?parent=1128"}],"wp:term":[{"taxonomy":"product_cat","embeddable":true,"href":"https:\/\/eudelar.unlar.edu.ar\/index.php\/wp-json\/wp\/v2\/product_cat?post=1128"},{"taxonomy":"product_tag","embeddable":true,"href":"https:\/\/eudelar.unlar.edu.ar\/index.php\/wp-json\/wp\/v2\/product_tag?post=1128"}],"curies":[{"name":"wp","href":"https:\/\/api.w.org\/{rel}","templated":true}]}}